{"id":42,"date":"2015-01-27T11:31:40","date_gmt":"2015-01-27T10:31:40","guid":{"rendered":"http:\/\/localhost\/cars\/?page_id=42"},"modified":"2019-07-11T10:30:04","modified_gmt":"2019-07-11T08:30:04","slug":"servizi-limousine","status":"publish","type":"page","link":"https:\/\/www.milanocab.it\/it\/servizi-limousine\/","title":{"rendered":"servizi"},"content":{"rendered":"<p><strong>Milano CAB<\/strong> opera a Milano da 25\u00a0anni nel settore del <strong>noleggio con conducente<\/strong> di limousine, sappiamo fare il nostro lavoro e ve lo dimostreremo.<\/p>\n<p>I nostri autisti, naturalmente tutti qualificati professionalmente all&#8217;utilizzo delle auto, sono abituati a trattare con clientela internazionale di alto livello, parlano pi\u00f9 lingue, e sanno come aiutare i clienti in ogni momento; la conoscenza della citt\u00e0 e delle sue attrattive, la competenza linguistica, la lunga esperienza dei nostri conducenti sar\u00e0 al tuo servizio.<\/p>\n<p>Un&#8217;auto di lusso si trasforma facilmente in un ufficio viaggiante, una soluzione pratica per una giornata piena; potrai lavorare per strada e risparmiare tempo prezioso.<\/p>\n<p>Possiamo venire a prenderti all&#8217;<strong>aeroporto<\/strong>, ogni parte del viaggio sar\u00e0 gestita da noi.<\/p>\n<p>Disponiamo di <strong>Mercedes classe E<\/strong>, di lussuose <strong>Mercedes classe S<\/strong>, di <strong>Mercedes V<\/strong> a 7 posti, o <strong>Minibus<\/strong> a 16 posti. (vedi i <a title=\"Minibus servizi\" href=\"http:\/\/www.milanominibus.it\/minibus\/\" target=\"_blank\" rel=\"noopener noreferrer\">Minibus<\/a>)<\/p>\n<p>Siamo disponibili a stipulare convenzioni con\u00a0agenzie di viaggio e\u00a0aziende.<\/p>\n<p>Guarda la nostra proposta\u00a0per i <a title=\"matrimoni\" href=\"http:\/\/www.milanocab.it\/matrimoni\/\"><span style=\"text-decoration: underline;\"><strong>matrimoni<\/strong><\/span><\/a><img loading=\"lazy\" decoding=\"async\" class=\"alignright wp-image-445 size-medium\" src=\"http:\/\/www.milanocab.it\/wp-content\/uploads\/2019\/07\/front_e_class-300x177.jpg\" alt=\"airport transfer\" width=\"300\" height=\"177\" srcset=\"https:\/\/www.milanocab.it\/wp-content\/uploads\/2019\/07\/front_e_class-300x177.jpg 300w, https:\/\/www.milanocab.it\/wp-content\/uploads\/2019\/07\/front_e_class.jpg 580w\" sizes=\"(max-width: 300px) 100vw, 300px\" \/><\/p>\n","protected":false},"excerpt":{"rendered":"<p>24\/7 a Milano e in tutto il nord Italia<\/p>\n","protected":false},"author":1,"featured_media":445,"parent":0,"menu_order":0,"comment_status":"open","ping_status":"closed","template":"","meta":{"footnotes":""},"yoast_head":"<!-- This site is optimized with the Yoast SEO plugin v24.5 - https:\/\/yoast.com\/wordpress\/plugins\/seo\/ -->\n<title>Limousine service Milano<\/title>\n<meta name=\"description\" content=\"Top a Milano - limousine Mercedes-S, Minibus, transfer aeroporti EXPO\" \/>\n<meta name=\"robots\" content=\"index, follow, max-snippet:-1, max-image-preview:large, max-video-preview:-1\" \/>\n<link rel=\"canonical\" href=\"https:\/\/www.milanocab.it\/it\/servizi-limousine\/\" \/>\n<meta property=\"og:locale\" content=\"it_IT\" \/>\n<meta property=\"og:type\" content=\"article\" \/>\n<meta property=\"og:title\" content=\"Limousine service Milano\" \/>\n<meta property=\"og:description\" content=\"Top a Milano - limousine Mercedes-S, Minibus, transfer aeroporti EXPO\" \/>\n<meta property=\"og:url\" content=\"https:\/\/www.milanocab.it\/it\/servizi-limousine\/\" \/>\n<meta property=\"og:site_name\" content=\"Milano Cab\" \/>\n<meta property=\"article:modified_time\" content=\"2019-07-11T08:30:04+00:00\" \/>\n<meta property=\"og:image\" content=\"https:\/\/www.milanocab.it\/wp-content\/uploads\/2019\/07\/front_e_class.jpg\" \/>\n\t<meta property=\"og:image:width\" content=\"580\" \/>\n\t<meta property=\"og:image:height\" content=\"342\" \/>\n\t<meta property=\"og:image:type\" content=\"image\/jpeg\" \/>\n<meta name=\"twitter:label1\" content=\"Tempo di lettura stimato\" \/>\n\t<meta name=\"twitter:data1\" content=\"1 minuto\" \/>\n<script type=\"application\/ld+json\" class=\"yoast-schema-graph\">{\"@context\":\"https:\/\/schema.org\",\"@graph\":[{\"@type\":\"WebPage\",\"@id\":\"https:\/\/www.milanocab.it\/it\/servizi-limousine\/\",\"url\":\"https:\/\/www.milanocab.it\/it\/servizi-limousine\/\",\"name\":\"Limousine service Milano\",\"isPartOf\":{\"@id\":\"https:\/\/www.milanocab.it\/#website\"},\"primaryImageOfPage\":{\"@id\":\"https:\/\/www.milanocab.it\/it\/servizi-limousine\/#primaryimage\"},\"image\":{\"@id\":\"https:\/\/www.milanocab.it\/it\/servizi-limousine\/#primaryimage\"},\"thumbnailUrl\":\"https:\/\/www.milanocab.it\/wp-content\/uploads\/2019\/07\/front_e_class.jpg\",\"datePublished\":\"2015-01-27T10:31:40+00:00\",\"dateModified\":\"2019-07-11T08:30:04+00:00\",\"description\":\"Top a Milano - limousine Mercedes-S, Minibus, transfer aeroporti EXPO\",\"breadcrumb\":{\"@id\":\"https:\/\/www.milanocab.it\/it\/servizi-limousine\/#breadcrumb\"},\"inLanguage\":\"it-IT\",\"potentialAction\":[{\"@type\":\"ReadAction\",\"target\":[\"https:\/\/www.milanocab.it\/it\/servizi-limousine\/\"]}]},{\"@type\":\"ImageObject\",\"inLanguage\":\"it-IT\",\"@id\":\"https:\/\/www.milanocab.it\/it\/servizi-limousine\/#primaryimage\",\"url\":\"https:\/\/www.milanocab.it\/wp-content\/uploads\/2019\/07\/front_e_class.jpg\",\"contentUrl\":\"https:\/\/www.milanocab.it\/wp-content\/uploads\/2019\/07\/front_e_class.jpg\",\"width\":580,\"height\":342,\"caption\":\"airport transfer\"},{\"@type\":\"BreadcrumbList\",\"@id\":\"https:\/\/www.milanocab.it\/it\/servizi-limousine\/#breadcrumb\",\"itemListElement\":[{\"@type\":\"ListItem\",\"position\":1,\"name\":\"Home\",\"item\":\"https:\/\/www.milanocab.it\/it\/prima-pagina\/\"},{\"@type\":\"ListItem\",\"position\":2,\"name\":\"servizi\"}]},{\"@type\":\"WebSite\",\"@id\":\"https:\/\/www.milanocab.it\/#website\",\"url\":\"https:\/\/www.milanocab.it\/\",\"name\":\"Milano Cab\",\"description\":\"limousine service in Milan\",\"potentialAction\":[{\"@type\":\"SearchAction\",\"target\":{\"@type\":\"EntryPoint\",\"urlTemplate\":\"https:\/\/www.milanocab.it\/?s={search_term_string}\"},\"query-input\":{\"@type\":\"PropertyValueSpecification\",\"valueRequired\":true,\"valueName\":\"search_term_string\"}}],\"inLanguage\":\"it-IT\"}]}<\/script>\n<!-- \/ Yoast SEO plugin. -->","yoast_head_json":{"title":"Limousine service Milano","description":"Top a Milano - limousine Mercedes-S, Minibus, transfer aeroporti EXPO","robots":{"index":"index","follow":"follow","max-snippet":"max-snippet:-1","max-image-preview":"max-image-preview:large","max-video-preview":"max-video-preview:-1"},"canonical":"https:\/\/www.milanocab.it\/it\/servizi-limousine\/","og_locale":"it_IT","og_type":"article","og_title":"Limousine service Milano","og_description":"Top a Milano - limousine Mercedes-S, Minibus, transfer aeroporti EXPO","og_url":"https:\/\/www.milanocab.it\/it\/servizi-limousine\/","og_site_name":"Milano Cab","article_modified_time":"2019-07-11T08:30:04+00:00","og_image":[{"width":580,"height":342,"url":"https:\/\/www.milanocab.it\/wp-content\/uploads\/2019\/07\/front_e_class.jpg","type":"image\/jpeg"}],"twitter_misc":{"Tempo di lettura stimato":"1 minuto"},"schema":{"@context":"https:\/\/schema.org","@graph":[{"@type":"WebPage","@id":"https:\/\/www.milanocab.it\/it\/servizi-limousine\/","url":"https:\/\/www.milanocab.it\/it\/servizi-limousine\/","name":"Limousine service Milano","isPartOf":{"@id":"https:\/\/www.milanocab.it\/#website"},"primaryImageOfPage":{"@id":"https:\/\/www.milanocab.it\/it\/servizi-limousine\/#primaryimage"},"image":{"@id":"https:\/\/www.milanocab.it\/it\/servizi-limousine\/#primaryimage"},"thumbnailUrl":"https:\/\/www.milanocab.it\/wp-content\/uploads\/2019\/07\/front_e_class.jpg","datePublished":"2015-01-27T10:31:40+00:00","dateModified":"2019-07-11T08:30:04+00:00","description":"Top a Milano - limousine Mercedes-S, Minibus, transfer aeroporti EXPO","breadcrumb":{"@id":"https:\/\/www.milanocab.it\/it\/servizi-limousine\/#breadcrumb"},"inLanguage":"it-IT","potentialAction":[{"@type":"ReadAction","target":["https:\/\/www.milanocab.it\/it\/servizi-limousine\/"]}]},{"@type":"ImageObject","inLanguage":"it-IT","@id":"https:\/\/www.milanocab.it\/it\/servizi-limousine\/#primaryimage","url":"https:\/\/www.milanocab.it\/wp-content\/uploads\/2019\/07\/front_e_class.jpg","contentUrl":"https:\/\/www.milanocab.it\/wp-content\/uploads\/2019\/07\/front_e_class.jpg","width":580,"height":342,"caption":"airport transfer"},{"@type":"BreadcrumbList","@id":"https:\/\/www.milanocab.it\/it\/servizi-limousine\/#breadcrumb","itemListElement":[{"@type":"ListItem","position":1,"name":"Home","item":"https:\/\/www.milanocab.it\/it\/prima-pagina\/"},{"@type":"ListItem","position":2,"name":"servizi"}]},{"@type":"WebSite","@id":"https:\/\/www.milanocab.it\/#website","url":"https:\/\/www.milanocab.it\/","name":"Milano Cab","description":"limousine service in Milan","potentialAction":[{"@type":"SearchAction","target":{"@type":"EntryPoint","urlTemplate":"https:\/\/www.milanocab.it\/?s={search_term_string}"},"query-input":{"@type":"PropertyValueSpecification","valueRequired":true,"valueName":"search_term_string"}}],"inLanguage":"it-IT"}]}},"_links":{"self":[{"href":"https:\/\/www.milanocab.it\/it\/wp-json\/wp\/v2\/pages\/42"}],"collection":[{"href":"https:\/\/www.milanocab.it\/it\/wp-json\/wp\/v2\/pages"}],"about":[{"href":"https:\/\/www.milanocab.it\/it\/wp-json\/wp\/v2\/types\/page"}],"author":[{"embeddable":true,"href":"https:\/\/www.milanocab.it\/it\/wp-json\/wp\/v2\/users\/1"}],"replies":[{"embeddable":true,"href":"https:\/\/www.milanocab.it\/it\/wp-json\/wp\/v2\/comments?post=42"}],"version-history":[{"count":26,"href":"https:\/\/www.milanocab.it\/it\/wp-json\/wp\/v2\/pages\/42\/revisions"}],"predecessor-version":[{"id":459,"href":"https:\/\/www.milanocab.it\/it\/wp-json\/wp\/v2\/pages\/42\/revisions\/459"}],"wp:featuredmedia":[{"embeddable":true,"href":"https:\/\/www.milanocab.it\/it\/wp-json\/wp\/v2\/media\/445"}],"wp:attachment":[{"href":"https:\/\/www.milanocab.it\/it\/wp-json\/wp\/v2\/media?parent=42"}],"curies":[{"name":"wp","href":"https:\/\/api.w.org\/{rel}","templated":true}]}}

<p><strong>Milano CAB</strong> opera a Milano da 25 anni nel settore del <strong>noleggio con conducente</strong> di limousine, sappiamo fare il nostro lavoro e ve lo dimostreremo.</p>
<p>I nostri autisti, naturalmente tutti qualificati professionalmente all&#8217;utilizzo delle auto, sono abituati a trattare con clientela internazionale di alto livello, parlano più lingue, e sanno come aiutare i clienti in ogni momento; la conoscenza della città e delle sue attrattive, la competenza linguistica, la lunga esperienza dei nostri conducenti sarà al tuo servizio.</p>
<p>Un&#8217;auto di lusso si trasforma facilmente in un ufficio viaggiante, una soluzione pratica per una giornata piena; potrai lavorare per strada e risparmiare tempo prezioso.</p>
<p>Possiamo venire a prenderti all&#8217;<strong>aeroporto</strong>, ogni parte del viaggio sarà gestita da noi.</p>
<p>Disponiamo di <strong>Mercedes classe E</strong>, di lussuose <strong>Mercedes classe S</strong>, di <strong>Mercedes V</strong> a 7 posti, o <strong>Minibus</strong> a 16 posti. (vedi i <a title="Minibus servizi" href="http://www.milanominibus.it/minibus/" target="_blank" rel="noopener noreferrer">Minibus</a>)</p>
<p>Siamo disponibili a stipulare convenzioni con agenzie di viaggio e aziende.</p>
<p>Guarda la nostra proposta per i <a title="matrimoni" href="http://www.milanocab.it/matrimoni/"><span style="text-decoration: underline;"><strong>matrimoni</strong></span></a><img loading="lazy" decoding="async" class="alignright wp-image-445 size-medium" src="http://www.milanocab.it/wp-content/uploads/2019/07/front_e_class-300x177.jpg" alt="airport transfer" width="300" height="177" srcset="https://www.milanocab.it/wp-content/uploads/2019/07/front_e_class-300x177.jpg 300w, https://www.milanocab.it/wp-content/uploads/2019/07/front_e_class.jpg 580w" sizes="(max-width: 300px) 100vw, 300px" /></p>
